
Suppose 2*a = 4*y - 8, a + 4*y - 2 + 6 = 0. List the prime factors of a/(-2 - (-1 + (-69)/72)).
2, 3
Let z(u) = -5*u**2 + 10*u - 6. Let d(m) = 9*m**2 - 20*m + 13. Let w(k) = -4*d(k) - 7*z(k). Let g = -12 - -20. What are the prime factors of w(g)?
2, 3
Let o be 40/(-4)*264/15. Let u = o - -292. What are the prime factors of u?
2, 29
Let a(u) = 53*u**2 - 35*u + 121. List the prime factors of a(4).
829
Let t = -26 - -28. Suppose -2*n + 16 = t*d, 2*d - 5*n + 16 = d. Suppose -3*w + 341 = 2*w - d*y, -3*y = 5*w - 348. List the prime factors of w.
3, 23
Let f(j) = -j**2 - 5. Let r(l) = -l**3 - l**2 + l. Let u(t) = -f(t) - 4*r(t). Let w be u(4). Suppose -6*y + 101 = -w. List the prime factors of y.
71
Suppose 4*l = -3*x + 8770, 5*x - 10419 = 4*l + 4155. What are the prime factors of x?
2, 1459
Suppose 4*u = 3*b + 8, 2*b - 2*u + 6 = u. Let n = 0 + b. List the prime factors of 28 + (0 - n) + 2.
2, 3, 5
Suppose 3*k - 11 = -2*s, -2*k + 7*k - 2*s = -3. Let d be 60/k*2 + 0. Suppose 0 = 3*q + 2*q + 3*x - 150, -2*x = -4*q + d. List the prime factors of q.
2, 3, 5
Let d be (-477)/12 + 9/12. Let k be 403/d - 4/(-3). Let w = 11 + k. What are the prime factors of w?
2
What are the prime factors of (99/9 + -702)/(1/(-1))?
691
Let i = 40 - 18. Let p be 1096/i + 4/22. Let z = p + -15. List the prime factors of z.
5, 7
Suppose -4*n - l = 43, 3*n = -4*l - 17 - 25. Let b(i) = -i - 3. List the prime factors of b(n).
7
Suppose 0 = -4*c + 3*u + 35, -7*c = -2*c - 2*u - 35. Suppose -k = 3 - c. Suppose -2*i + 92 = k*i. List the prime factors of i.
23
Let v(y) = 4*y**2 - 3*y**2 + 3*y + y**2 - 2*y. Let i be v(3). Suppose 4*k = -c + i, -4*k + 12 + 4 = 0. What are the prime factors of c?
5
What are the prime factors of 2*((-189)/(-6) - 0)?
3, 7
Let t(a) = -2*a**3 + 98*a**2 + 28*a + 125. What are the prime factors of t(49)?
3, 499
Let t be (-2)/(-4)*(60 + 2). Suppose 0 = -3*k + 70 - t. Let v = -4 + k. List the prime factors of v.
3
Let m = -15 + 22. Let y(x) = 3*x - 1 - 5 - 1. List the prime factors of y(m).
2, 7
List the prime factors of 4*-4409*41/(-164).
4409
Suppose -31*w + 37*w = 13962. What are the prime factors of w?
13, 179
List the prime factors of -1*1 + 16/((-304)/(-42579)).
2, 5, 7
Let t = 0 - -5. Suppose 6*c - 3*c + 4*u = -11, 10 = -t*u. List the prime factors of 53 + c - (6 + -3).
7
Suppose 0 = v - 3*b - 1381, -4*v + 1365 = -2*b - 4199. List the prime factors of v.
7, 199
Let g = 356 - -46. List the prime factors of g.
2, 3, 67
Suppose -4*c + 331 = -5*u, 5*c - u - 386 = -4*u. What are the prime factors of c?
79
Let y = 64 - -35. What are the prime factors of y?
3, 11
Suppose -36*j - 201280 = -76*j. List the prime factors of j.
2, 17, 37
Let t(u) = 2*u**2 + u - 1. Let p be t(4). Let k = p + -3. List the prime factors of k.
2
Let r = -860 - -1708. What are the prime factors of r?
2, 53
Let c be -1*(-4 + (53 - -4)). Let d = c - -100. Suppose d = 4*t - 85. What are the prime factors of t?
3, 11
Suppose 0*x + 140 = x. Suppose 5*h = -0*h - x. Let y = h - -73. List the prime factors of y.
3, 5
List the prime factors of (-13164)/(-21) + (-7)/(-49).
3, 11, 19
Let g be (-7)/21 + (-13)/(-3). Suppose 0 = -g*o + 177 + 35. What are the prime factors of o?
53
Let t(v) = v**2 + 10*v - 39. Let i be t(-13). Suppose i*s = -4*p - s + 1027, 0 = s + 5. What are the prime factors of p?
2, 3, 43
Suppose 0 = 2*z + 10, 2*z = -5*l + 6*z + 5920. Suppose -5*i = -5*m - l, -2*m = -6*m - 20. What are the prime factors of i?
3, 7, 11
Let g(v) be the second derivative of -5*v**3/6 + 5*v. What are the prime factors of g(-14)?
2, 5, 7
Let j be (1*(-5 + 153))/((-2)/2). What are the prime factors of 5/(8 - 3) - j?
149
Let q be ((-289)/3)/(2 + 20/(-12)). Let j = q - -406. List the prime factors of j.
3, 13
Let x = -53 + 56. Suppose -x*j + 6*j = -3*o + 153, -5*o + 247 = 3*j. What are the prime factors of o?
47
Suppose -72*r + 959 = -49. What are the prime factors of r?
2, 7
Let x = 32 - 34. Let c(p) = 0*p**2 + p**2 - p - p - 2*p**3 + 0*p**2. What are the prime factors of c(x)?
2, 3
List the prime factors of 3/(23175/(-3312) - -7).
2, 3, 23
Let c be (-3)/((6/(-8))/(3/3)). Suppose 3*q - 486 = -0*q + 3*z, -c*q - 2*z + 630 = 0. List the prime factors of q.
3, 53
Let t be 2/6 + (-132)/(-36). Let y be ((0 - t) + 1)/(-1). What are the prime factors of 12/(-8)*(-80)/y?
2, 5
Let c(l) = -l - 1. Let q(b) = -9*b - 8. Let a(y) = 2*c(y) - q(y). Let d(m) = -10*m - 9. Let w(o) = -7*a(o) - 5*d(o). List the prime factors of w(11).
2, 7
Let f(i) = -8*i**2 + 4*i**2 - 17 + 17 + i. Let d be f(3). What are the prime factors of -1 - (-3 - 1) - d?
2, 3
Suppose -d = -4*d + 12. Let u be (1 - -2) + (-260)/d. Let g = 104 + u. List the prime factors of g.
2, 3, 7
Let p(i) = 26*i**2 + 12*i - 2. What are the prime factors of p(5)?
2, 3, 59
Suppose -14*j + 891 = -4177. What are the prime factors of j?
2, 181
Suppose 660 = 5*z - 5*q, 0*z = z + q - 128. Let c = -69 + z. List the prime factors of c.
61
Suppose 5*v = -v + 54. Suppose -7*g - v = -65. List the prime factors of g.
2
Let d(s) = -s**2 - 12*s - 11. Let w be d(-11). Suppose w = 4*z + z. Suppose z = -2*y + 3*y - 35. List the prime factors of y.
5, 7
Let f be (-12)/(-10)*20/6. Suppose 0 = -679*u + 688*u. Suppose u = -4*q + f*x + 68, -3*q + 0*q = 3*x - 45. What are the prime factors of q?
2
Let t = -1176 - -2895. What are the prime factors of t?
3, 191
Let b(y) be the first derivative of -y**4/4 + 4*y**3 - 6*y**2 + 6*y - 16. What are the prime factors of b(7)?
167
Suppose 3829 = 8*z - 3643. What are the prime factors of z?
2, 467
Let u(g) = -g**2 + 6*g + 3. Let b be u(6). Suppose -b*w - 2 = -23. Suppose w*c - 175 = 2*c. List the prime factors of c.
5, 7
Let b be 9/3 - 2/2. Suppose 35 = -3*p - b*p. List the prime factors of p/(14/(-66)) - 0.
3, 11
Let w = 149 - 59. Let d = 138 - w. What are the prime factors of d?
2, 3
Let y = 223 - 143. List the prime factors of y.
2, 5
Let h(j) = j**3 + 3*j**2 + 4. Let v be h(-3). Let p(x) = 5*x - 11. List the prime factors of p(v).
3
Let a be (6 - 0)/(2/1). Let g be (-28)/35*10*(-4)/16. Suppose 26 = h - a*s, 2*h + 3*s - 8 = -g*s. What are the prime factors of h?
2, 7
Let k(t) = -t**3 + t**2 - 2*t + 91. Suppose -105*i = -109*i. List the prime factors of k(i).
7, 13
Suppose -6*q + 9384 = 11*q. What are the prime factors of q?
2, 3, 23
Let j = 23 - 63. Suppose -c = 5 + 21. Let t = c - j. List the prime factors of t.
2, 7
Suppose -5*y + 6*y + 2*p - 9 = 0, -3*y - 3*p + 15 = 0. Let x(q) = 23*q**3 - 2*q + 1. Let n be x(y). Let f = n + 31. What are the prime factors of f?
53
Suppose 31*z + 2352 = 37*z. List the prime factors of z.
2, 7
Let m = 72 + -88. Let z(y) = -y**3 + 7*y**2 - 2*y + 2. Let k be z(6). Let q = k + m. List the prime factors of q.
2, 5
Let v be ((-1206)/36)/((-1)/6). List the prime factors of (v - 0) + (12 - 15).
2, 3, 11
Suppose 2*q = 12 - 6. Suppose -f = 4 - 6, f - 305 = -q*y. What are the prime factors of y?
101
Let b(y) = y**2 + 2*y - 3. Let g be b(2). What are the prime factors of 2/10*g*89?
89
Let q(a) = 235*a - 832. List the prime factors of q(15).
2693
List the prime factors of 21546/(2 + 7) - 9.
3, 5, 53
Let g(j) = 14*j**3 - 4*j**2 - 13*j + 32. What are the prime factors of g(4)?
2, 7, 29
Let x(b) = 31*b**2 - 12*b - 31. What are the prime factors of x(-4)?
3, 19
Let b(g) = -5*g**2 + 2*g - 5*g - g**2 + g**3 + 8*g**2. Let u be b(-3). List the prime factors of 35/(-1)*(u - 1).
5, 7
Suppose 4*q - 233 = -z, -q - 2*z = q - 118. Suppose q = -5*f + 193. What are the prime factors of f?
3
Suppose 2*n - 18 = -12. Suppose -2*y = -11 - n. Suppose 2*z - w - 38 = 0, -5 = -3*w + y. List the prime factors of z.
3, 7
Let o be (-5)/(5/(-164)) + -4. Suppose 2*v = -w + o, -w - 47 + 212 = v. List the prime factors of w.
2, 5, 17
Let p(c) = -c**3 + 5*c**2 + 2*c + 1. Let w(q) = -6*q - 1. Let i(r) = r**2 + 4*r - 6. Let g be i(-5). Let t be w(g). What are the prime factors of p(t)?
11
Let n be 2*2/2 + -2. Suppose n = -8*g + 4*g - 4. What are the prime factors of ((-8)/(-32))/(g/(-52))?
13
Let j(k) = -12*k - 34*k - 7*k - 6*k + 3. What are the prime factors of j(-2)?
11
Let q(d) = d + 5. Let r be q(7). Let m be 1 + r/(-2)*-5. Suppose 0 = -z - 0 + m. What are the prime factors of z?
31
Suppose -2*o + 2*q - 250 = 0, -173 = -3*o - 2*q - 563. Let j = -18 - 